{"id":77,"date":"2019-05-10T12:02:01","date_gmt":"2019-05-10T10:02:01","guid":{"rendered":"http:\/\/leczyce.wejherkomputer.pl\/?page_id=77"},"modified":"2021-03-09T09:27:27","modified_gmt":"2021-03-09T08:27:27","slug":"infrastruktura-zakladu","status":"publish","type":"page","link":"http:\/\/leczyce.wejherkomputer.pl\/index.php\/infrastruktura-zakladu\/","title":{"rendered":"Infrastruktura Zak\u0142adu"},"content":{"rendered":"\n<p><strong>SIE\u0106 WODOCI\u0104GOWA:<\/strong><\/p>\n\n\n\n<p>Uj\u0119cia wody pitnej:<\/p>\n\n\n\n<ul type=\"I\"><li>Strzebielino<\/li><li>Bo\u017cepole Ma\u0142e<\/li><li>Wielistowo<\/li><li>God\u0119towo<\/li><li>W\u0119gornia<\/li><li>D\u0105br\u00f3wka Wielka<\/li><li>Roz\u0142azino<\/li><li>Nawcz<\/li><li>Dzi\u0119cielec Dolny<\/li><li>Dzi\u0119cielec G\u00f3rny<\/li><li>D\u0105browa Brzezie\u0144ska<\/li><li>Wysokie<\/li><li>Pu\u017cyce<\/li><li>Strzel\u0119cino<\/li><\/ul>\n\n\n\n<p>Pomopownie wody:<\/p>\n\n\n\n<ul type=\"I\"><li>\u0141\u0119czyce, ul. Podg\u00f3rna<\/li><li>\u0141\u00f3wcz<\/li><li>Nawcz &#8211; Bor\u00f3wka<\/li><li>Roz\u0142azino, ul. Le\u015bna<\/li><li>Roz\u0142azino &#8211; Je\u017cewo<\/li><li>Redystowo<\/li><\/ul>\n\n\n\n<p><strong>SIE\u0106 KANALIZACYJNA:<\/strong><\/p>\n\n\n\n<p>Oczyszczalnie \u015bciek\u00f3w:<\/p>\n\n\n\n<ul type=\"I\"><li>Bo\u017cepole Wielkie<\/li><li>\u0141\u0119czyce<\/li><\/ul>\n\n\n\n<p>Przepompownie \u015bciek\u00f3w:<\/p>\n\n\n\n<ul type=\"I\"><li>\u0141\u0119czyce \u2013 PS 1 D\u0142uga<\/li><li>\u0141\u0119czyce \u2013 PS 2 \u0141\u0105kowa<\/li><li>\u0141\u0119czyce \u2013 Wiejska<\/li><li>Kisewo \u2013 du\u017ca<\/li><li>Kisewo \u2013 ma\u0142a<\/li><li>Strzel\u0119cino<\/li><li>Brze\u017ano L\u0119borskie \u2013 ko\u015bci\u00f3\u0142<\/li><li>Brze\u017ano L\u0119borskie \u2013 bloki<\/li><li>Brze\u017ano L\u0119borskie \u2013 ma\u0142e<\/li><li>Kaczkowo<\/li><li>Kaczkowo &#8211; D\u0105browa<\/li><li>\u015awietlino<\/li><li>God\u0119towo<\/li><li>Roz\u0142azino \u2013 PS 1<\/li><li>Roz\u0142azino \u2013 PS 2 Okr\u0119\u017cna<\/li><li>Roz\u0142azino \u2013 Le\u015bna<\/li><li>Roz\u0142azino \u2013 ko\u0142o lasu<\/li><li>Roz\u0142azino \u2013 Ma\u0142e<\/li><li>Je\u017cewo<\/li><li>Nawcz<\/li><li>Bo\u017cepole Wielkie \u2013 Chmieleniecka<\/li><li>Bo\u017cepole Wielkie &#8211; Osiedlowa<\/li><li>Bo\u017cepole Wielkie \u2013 Lewiatan<\/li><li>Bo\u017cepole Wielkie \u2013 pod d\u0119bami<\/li><li>Bo\u017cepole Wielkie &#8211; \u0141\u0105kowa<\/li><li>Bo\u017cepole Wielkie &#8211; PKP<\/li><li>Chmieleniec<\/li><li>Bo\u017cepole Ma\u0142e \u2013 Lotnik\u00f3w<\/li><li>Bo\u017cepole Ma\u0142e \u2013 za rzek\u0105<\/li><li>Bo\u017cepole Ma\u0142e &#8211; Wejherowska<\/li><li>Strzebielino \u2013 Zaj\u0105czkowo<\/li><li>Strzebielino \u2013 zatorze<\/li><li>Strzebielino \u2013 domy celne<\/li><li>Strzebielino \u2013 Sienkiewicza<\/li><li>Strzebielino \u2013 Starowiejska<\/li><\/ul>\n\n\n\n<p><\/p>\n","protected":false},"excerpt":{"rendered":"<p>SIE\u0106 WODOCI\u0104GOWA: Uj\u0119cia wody pitnej: Strzebielino Bo\u017cepole Ma\u0142e Wielistowo God\u0119towo W\u0119gornia D\u0105br\u00f3wka Wielka Roz\u0142azino Nawcz Dzi\u0119cielec Dolny Dzi\u0119cielec G\u00f3rny D\u0105browa Brzezie\u0144ska Wysokie Pu\u017cyce Strzel\u0119cino Pomopownie wody: \u0141\u0119czyce, ul. Podg\u00f3rna \u0141\u00f3wcz Nawcz &#8211; Bor\u00f3wka Roz\u0142azino, ul. Le\u015bna Roz\u0142azino &#8211; Je\u017cewo Redystowo SIE\u0106 KANALIZACYJNA: Oczyszczalnie \u015bciek\u00f3w: Bo\u017cepole Wielkie \u0141\u0119czyce Przepompownie \u015bciek\u00f3w: \u0141\u0119czyce \u2013 PS 1 D\u0142uga \u0141\u0119czyce [&hellip;]<\/p>\n","protected":false},"author":1,"featured_media":0,"parent":0,"menu_order":0,"comment_status":"closed","ping_status":"closed","template":"","meta":[],"_links":{"self":[{"href":"http:\/\/leczyce.wejherkomputer.pl\/index.php\/wp-json\/wp\/v2\/pages\/77"}],"collection":[{"href":"http:\/\/leczyce.wejherkomputer.pl\/index.php\/wp-json\/wp\/v2\/pages"}],"about":[{"href":"http:\/\/leczyce.wejherkomputer.pl\/index.php\/wp-json\/wp\/v2\/types\/page"}],"author":[{"embeddable":true,"href":"http:\/\/leczyce.wejherkomputer.pl\/index.php\/wp-json\/wp\/v2\/users\/1"}],"replies":[{"embeddable":true,"href":"http:\/\/leczyce.wejherkomputer.pl\/index.php\/wp-json\/wp\/v2\/comments?post=77"}],"version-history":[{"count":7,"href":"http:\/\/leczyce.wejherkomputer.pl\/index.php\/wp-json\/wp\/v2\/pages\/77\/revisions"}],"predecessor-version":[{"id":255,"href":"http:\/\/leczyce.wejherkomputer.pl\/index.php\/wp-json\/wp\/v2\/pages\/77\/revisions\/255"}],"wp:attachment":[{"href":"http:\/\/leczyce.wejherkomputer.pl\/index.php\/wp-json\/wp\/v2\/media?parent=77"}],"curies":[{"name":"wp","href":"https:\/\/api.w.org\/{rel}","templated":true}]}}